{"id":979,"date":"2016-05-27T17:30:12","date_gmt":"2016-05-27T17:30:12","guid":{"rendered":"https:\/\/arthub.vn\/?page_id=979"},"modified":"2016-05-27T17:30:12","modified_gmt":"2016-05-27T17:30:12","slug":"eventime-blog","status":"publish","type":"page","link":"https:\/\/arthub.vn\/index.php\/eventime-blog\/","title":{"rendered":"Eventime Blog"},"content":{"rendered":"<div class=\"wpb-content-wrapper\"><div class=\"vc_row wpb_row vc_row-fluid et-vc-custom-styling-vc_row\"><div class=\"wpb_column vc_column_container vc_col-sm-12 et-vc-custom-styling-vc_column\"><div class=\"vc_column-inner\"><div class=\"wpb_wrapper\"><div class=\"et-row   et-apply-gradient\"><div class=\"vc_empty_space  et-vc-custom-styling-vc_empty_space\"   style=\"height: 32px\"><span class=\"vc_empty_space_inner\"><\/span><\/div><div class=\"\"><div class=\"title_center\"><p class=\"\">Eventime Blog<\/p><\/div><div class=\"center_line\"><\/div><\/div><div class=\"vc_empty_space  et-vc-custom-styling-vc_empty_space\"   style=\"height: 32px\"><span class=\"vc_empty_space_inner\"><\/span><\/div>\n<div class=\"vc_grid-container-wrapper vc_clearfix vc_grid-animation-fadeIn\">\n\t<div class=\"vc_grid-container vc_clearfix wpb_content_element vc_basic_grid et-vc-custom-styling-vc_basic_grid\" data-initial-loading-animation=\"fadeIn\" data-vc-grid-settings=\"{&quot;page_id&quot;:979,&quot;style&quot;:&quot;load-more&quot;,&quot;action&quot;:&quot;vc_get_vc_grid_data&quot;,&quot;shortcode_id&quot;:&quot;1464370262707-14f5334f-cabc-7&quot;,&quot;items_per_page&quot;:&quot;3&quot;,&quot;btn_data&quot;:{&quot;title&quot;:&quot;Load more&quot;,&quot;style&quot;:&quot;modern&quot;,&quot;gradient_color_1&quot;:&quot;&quot;,&quot;gradient_color_2&quot;:&quot;&quot;,&quot;gradient_custom_color_1&quot;:&quot;&quot;,&quot;gradient_custom_color_2&quot;:&quot;&quot;,&quot;gradient_text_color&quot;:&quot;&quot;,&quot;custom_background&quot;:&quot;#ededed&quot;,&quot;custom_text&quot;:&quot;#666&quot;,&quot;outline_custom_color&quot;:&quot;#666&quot;,&quot;outline_custom_hover_background&quot;:&quot;#666&quot;,&quot;outline_custom_hover_text&quot;:&quot;#fff&quot;,&quot;shape&quot;:&quot;rounded&quot;,&quot;color&quot;:&quot;default&quot;,&quot;size&quot;:&quot;md&quot;,&quot;align&quot;:&quot;inline&quot;,&quot;button_block&quot;:&quot;&quot;,&quot;add_icon&quot;:&quot;true&quot;,&quot;i_align&quot;:&quot;left&quot;,&quot;i_type&quot;:&quot;linecons&quot;,&quot;i_icon_fontawesome&quot;:&quot;fas fa-adjust&quot;,&quot;i_icon_openiconic&quot;:&quot;vc-oi vc-oi-dial&quot;,&quot;i_icon_typicons&quot;:&quot;typcn typcn-adjust-brightness&quot;,&quot;i_icon_entypo&quot;:&quot;entypo-icon entypo-icon-note&quot;,&quot;i_icon_linecons&quot;:&quot;vc_li vc_li-lab&quot;,&quot;i_icon_monosocial&quot;:&quot;&quot;,&quot;i_icon_material&quot;:&quot;&quot;,&quot;i_icon_pixelicons&quot;:&quot;vc_pixel_icon vc_pixel_icon-alert&quot;,&quot;el_id&quot;:&quot;&quot;,&quot;custom_onclick&quot;:&quot;&quot;,&quot;custom_onclick_code&quot;:&quot;&quot;},&quot;tag&quot;:&quot;vc_basic_grid&quot;}\" data-vc-request=\"https:\/\/arthub.vn\/wp-admin\/admin-ajax.php\" data-vc-post-id=\"979\" data-vc-public-nonce=\"6334c13782\">\n\t\t<style data-type=\"vc_shortcodes-custom-css\">.vc_custom_1520440932286{margin-bottom: 36px !important;background-color: #f9f9f9 !important;}.vc_custom_1753967776189{background-color: rgba(255,255,255,0.2) !important;*background-color: rgb(255,255,255) !important;}.vc_custom_1753967860071{padding-top: 25px !important;padding-right: 25px !important;padding-bottom: 25px !important;padding-left: 25px !important;background-color: #FFFFFF !important;}.vc_custom_1753967965772{margin-top: 25px !important;margin-right: 10px !important;margin-left: 25px !important;}.vc_custom_1753967972921{margin-right: 25px !important;margin-left: 25px !important;}.vc_custom_1753967982076{margin-bottom: 25px !important;margin-left: 25px !important;}<\/style><div class=\"vc_grid vc_row vc_grid-gutter-30px vc_pageable-wrapper vc_hook_hover\" data-vc-pageable-content=\"true\"><div class=\"vc_pageable-slide-wrapper vc_clearfix\" data-vc-grid-content=\"true\"><div class=\"vc_grid-item vc_clearfix vc_col-sm-4\"><div class=\"vc_grid-item-mini vc_clearfix  vc_custom_1520440932286\"><div class=\"vc_gitem-animated-block  vc_gitem-animate vc_gitem-animate-fadeIn\"  data-vc-animation=\"fadeIn\"><div class=\"vc_gitem-zone vc_gitem-zone-a fullwidthgal vc-gitem-zone-height-mode-auto vc-gitem-zone-height-mode-auto-3-4 vc_gitem-is-link\" style=\"background-image: url('https:\/\/arthub.vn\/wp-content\/plugins\/js_composer\/assets\/vc\/vc_gitem_image.png') !important;\"><a href=\"https:\/\/arthub.vn\/index.php\/2026\/02\/27\/chao-moi-nguoi\/\" title=\"Ch\u00e0o t\u1ea5t c\u1ea3 m\u1ecdi ng\u01b0\u1eddi!\" class=\"vc_gitem-link vc-zone-link\" ><\/a><img decoding=\"async\" class=\"vc_gitem-zone-img\" src=\"https:\/\/arthub.vn\/wp-content\/plugins\/js_composer\/assets\/vc\/vc_gitem_image.png\" alt=\"\" loading=\"lazy\"><div class=\"vc_gitem-zone-mini\"><div class=\"vc_gitem_row vc_row vc_gitem-row-position-bottom\"><div class=\"vc_col-sm-12 et-gal-excerpt-wrapper vc_gitem-col vc_gitem-col-align- vc_custom_1753967860071\"><div class=\"vc_custom_heading et-gal-title-hover dark-et-gal vc_custom_1753967965772 et-vc-custom-styling-vc_gitem_post_title vc_gitem-post-data vc_gitem-post-data-source-post_title\" ><h4 style=\"text-align: left\" >Ch\u00e0o t\u1ea5t c\u1ea3 m\u1ecdi ng\u01b0\u1eddi!<\/h4><\/div><div class=\"vc_separator wpb_content_element vc_separator_align_center vc_sep_width_30 vc_sep_pos_align_left vc_separator_no_text vc_sep_color_grey wpb_content_element  wpb_content_element et-vc-custom-styling-vc_separator et-vc-custom-styling-vc_text_separator\" ><span class=\"vc_sep_holder vc_sep_holder_l\"><span class=\"vc_sep_line\"><\/span><\/span><span class=\"vc_sep_holder vc_sep_holder_r\"><span class=\"vc_sep_line\"><\/span><\/span>\n<\/div><div class=\"vc_custom_heading vc_custom_1753967972921 et-vc-custom-styling-vc_gitem_post_excerpt vc_gitem-post-data vc_gitem-post-data-source-post_excerpt\" ><p style=\"text-align: left\" ><p>C\u1ea3m \u01a1n v\u00ec \u0111\u00e3 s\u1eed d\u1ee5ng WordPress. \u0110\u00e2y l\u00e0 b\u00e0i vi\u1ebft \u0111\u1ea7u ti\u00ean c\u1ee7a b\u1ea1n. S\u1eeda ho\u1eb7c x\u00f3a n\u00f3, v\u00e0 b\u1eaft \u0111\u1ea7u b\u00e0i vi\u1ebft c\u1ee7a b\u1ea1n nh\u00e9!<\/p>\n<\/p><\/div><div class=\"vc_custom_heading vc_custom_1753967982076 et-vc-custom-styling-vc_gitem_post_date vc_gitem-post-data vc_gitem-post-data-source-post_date\" ><p style=\"text-align: left\" >Th\u00e1ng 2 27, 2026<\/p><\/div><\/div><\/div><\/div><\/div><div class=\"vc_gitem-zone vc_gitem-zone-b vc_custom_1753967776189 fullwidthgal vc-gitem-zone-height-mode-auto vc_gitem-is-link\"><a href=\"https:\/\/arthub.vn\/index.php\/2026\/02\/27\/chao-moi-nguoi\/\" title=\"Ch\u00e0o t\u1ea5t c\u1ea3 m\u1ecdi ng\u01b0\u1eddi!\" class=\"vc_gitem-link vc-zone-link\" ><\/a><div class=\"vc_gitem-zone-mini\"><\/div><\/div><\/div><\/div><div class=\"vc_clearfix\"><\/div><\/div><div class=\"vc_grid-item vc_clearfix vc_col-sm-4\"><div class=\"vc_grid-item-mini vc_clearfix  vc_custom_1520440932286\"><div class=\"vc_gitem-animated-block  vc_gitem-animate vc_gitem-animate-fadeIn\"  data-vc-animation=\"fadeIn\"><div class=\"vc_gitem-zone vc_gitem-zone-a fullwidthgal vc-gitem-zone-height-mode-auto vc-gitem-zone-height-mode-auto-3-4 vc_gitem-is-link\" style=\"background-image: url('https:\/\/arthub.vn\/wp-content\/uploads\/2016\/02\/eventime_tabs-1-1-1024x545.jpg') !important;\"><a href=\"https:\/\/arthub.vn\/index.php\/2016\/05\/20\/vestibulum-pellentesque\/\" title=\"Content marketing\" class=\"vc_gitem-link vc-zone-link\" ><\/a><img decoding=\"async\" class=\"vc_gitem-zone-img\" src=\"https:\/\/arthub.vn\/wp-content\/uploads\/2016\/02\/eventime_tabs-1-1-1024x545.jpg\" alt=\"Tabs BG\" loading=\"lazy\"><div class=\"vc_gitem-zone-mini\"><div class=\"vc_gitem_row vc_row vc_gitem-row-position-bottom\"><div class=\"vc_col-sm-12 et-gal-excerpt-wrapper vc_gitem-col vc_gitem-col-align- vc_custom_1753967860071\"><div class=\"vc_custom_heading et-gal-title-hover dark-et-gal vc_custom_1753967965772 et-vc-custom-styling-vc_gitem_post_title vc_gitem-post-data vc_gitem-post-data-source-post_title\" ><h4 style=\"text-align: left\" >Content marketing<\/h4><\/div><div class=\"vc_separator wpb_content_element vc_separator_align_center vc_sep_width_30 vc_sep_pos_align_left vc_separator_no_text vc_sep_color_grey wpb_content_element  wpb_content_element et-vc-custom-styling-vc_separator et-vc-custom-styling-vc_text_separator\" ><span class=\"vc_sep_holder vc_sep_holder_l\"><span class=\"vc_sep_line\"><\/span><\/span><span class=\"vc_sep_holder vc_sep_holder_r\"><span class=\"vc_sep_line\"><\/span><\/span>\n<\/div><div class=\"vc_custom_heading vc_custom_1753967972921 et-vc-custom-styling-vc_gitem_post_excerpt vc_gitem-post-data vc_gitem-post-data-source-post_excerpt\" ><p style=\"text-align: left\" ><p>Vestibulum pellentesque lacus ante, et venenatis erat cursus quis. Donec iaculis nisl eget lorem varius laoreet. Aliquam vestibulum placerat congue. Etiam in dictum diam. Duis fringilla dui id sapien rhoncus, vel luctus nisi pharetra. Ut dictum tortor at lorem bibendum dictum. Nam convallis lectus odio, sit amet fringilla nulla ornare vitae. Mauris ante tortor, varius [&hellip;]<\/p>\n<\/p><\/div><div class=\"vc_custom_heading vc_custom_1753967982076 et-vc-custom-styling-vc_gitem_post_date vc_gitem-post-data vc_gitem-post-data-source-post_date\" ><p style=\"text-align: left\" >Th\u00e1ng 5 20, 2016<\/p><\/div><\/div><\/div><\/div><\/div><div class=\"vc_gitem-zone vc_gitem-zone-b vc_custom_1753967776189 fullwidthgal vc-gitem-zone-height-mode-auto vc_gitem-is-link\"><a href=\"https:\/\/arthub.vn\/index.php\/2016\/05\/20\/vestibulum-pellentesque\/\" title=\"Content marketing\" class=\"vc_gitem-link vc-zone-link\" ><\/a><div class=\"vc_gitem-zone-mini\"><\/div><\/div><\/div><\/div><div class=\"vc_clearfix\"><\/div><\/div><div class=\"vc_grid-item vc_clearfix vc_col-sm-4\"><div class=\"vc_grid-item-mini vc_clearfix  vc_custom_1520440932286\"><div class=\"vc_gitem-animated-block  vc_gitem-animate vc_gitem-animate-fadeIn\"  data-vc-animation=\"fadeIn\"><div class=\"vc_gitem-zone vc_gitem-zone-a fullwidthgal vc-gitem-zone-height-mode-auto vc-gitem-zone-height-mode-auto-3-4 vc_gitem-is-link\" style=\"background-image: url('https:\/\/arthub.vn\/wp-content\/uploads\/2016\/04\/photo-1440492248262-6895f9da82fc-1-scaled-1-1024x768.jpeg') !important;\"><a href=\"https:\/\/arthub.vn\/index.php\/2016\/05\/20\/integer-rutrum\/\" title=\"Industrial design\" class=\"vc_gitem-link vc-zone-link\" ><\/a><img decoding=\"async\" class=\"vc_gitem-zone-img\" src=\"https:\/\/arthub.vn\/wp-content\/uploads\/2016\/04\/photo-1440492248262-6895f9da82fc-1-scaled-1-1024x768.jpeg\" alt=\"Industrial design\" loading=\"lazy\"><div class=\"vc_gitem-zone-mini\"><div class=\"vc_gitem_row vc_row vc_gitem-row-position-bottom\"><div class=\"vc_col-sm-12 et-gal-excerpt-wrapper vc_gitem-col vc_gitem-col-align- vc_custom_1753967860071\"><div class=\"vc_custom_heading et-gal-title-hover dark-et-gal vc_custom_1753967965772 et-vc-custom-styling-vc_gitem_post_title vc_gitem-post-data vc_gitem-post-data-source-post_title\" ><h4 style=\"text-align: left\" >Industrial design<\/h4><\/div><div class=\"vc_separator wpb_content_element vc_separator_align_center vc_sep_width_30 vc_sep_pos_align_left vc_separator_no_text vc_sep_color_grey wpb_content_element  wpb_content_element et-vc-custom-styling-vc_separator et-vc-custom-styling-vc_text_separator\" ><span class=\"vc_sep_holder vc_sep_holder_l\"><span class=\"vc_sep_line\"><\/span><\/span><span class=\"vc_sep_holder vc_sep_holder_r\"><span class=\"vc_sep_line\"><\/span><\/span>\n<\/div><div class=\"vc_custom_heading vc_custom_1753967972921 et-vc-custom-styling-vc_gitem_post_excerpt vc_gitem-post-data vc_gitem-post-data-source-post_excerpt\" ><p style=\"text-align: left\" ><p>Pellentesque habitant morbi tristique senectus et netus et malesuada fames ac turpis egestas. Cras laoreet nec nisi non euismod. Nullam semper aliquam gravida. Nulla blandit feugiat enim, ut faucibus diam aliquam ac. Nullam finibus justo non lacinia vulputate. Ut aliquam erat ac erat sodales, non feugiat sapien venenatis. Integer neque sapien, efficitur sit amet turpis [&hellip;]<\/p>\n<\/p><\/div><div class=\"vc_custom_heading vc_custom_1753967982076 et-vc-custom-styling-vc_gitem_post_date vc_gitem-post-data vc_gitem-post-data-source-post_date\" ><p style=\"text-align: left\" >Th\u00e1ng 5 20, 2016<\/p><\/div><\/div><\/div><\/div><\/div><div class=\"vc_gitem-zone vc_gitem-zone-b vc_custom_1753967776189 fullwidthgal vc-gitem-zone-height-mode-auto vc_gitem-is-link\"><a href=\"https:\/\/arthub.vn\/index.php\/2016\/05\/20\/integer-rutrum\/\" title=\"Industrial design\" class=\"vc_gitem-link vc-zone-link\" ><\/a><div class=\"vc_gitem-zone-mini\"><\/div><\/div><\/div><\/div><div class=\"vc_clearfix\"><\/div><\/div><\/div><div class=\"vc_pageable-load-more-btn\" data-vc-grid-load-more-btn=\"true\"><div class=\"vc_btn3-container  vc_grid-btn-load_more vc_btn3-inline et-vc-custom-styling-vc_btn\"><a href=\"javascript:;\" class=\"vc_general vc_btn3 vc_btn3-size-md vc_btn3-shape-rounded vc_btn3-style-modern vc_btn3-icon-left vc_btn3-color-default et-vc-custom-styling-vc_btn\"  title=\"Load more\"><i class=\"vc_btn3-icon vc_li vc_li-lab\"><\/i> Load more<\/a><\/div><\/div><\/div>\n\t<\/div>\n<\/div><div class=\"vc_empty_space  et-vc-custom-styling-vc_empty_space\"   style=\"height: 32px\"><span class=\"vc_empty_space_inner\"><\/span><\/div><div class=\"clear\"><\/div><\/div><\/div><\/div><\/div><\/div>\n<\/div>","protected":false},"excerpt":{"rendered":"Eventime Blog Ch\u00e0o t\u1ea5t c\u1ea3 m\u1ecdi ng\u01b0\u1eddi! C\u1ea3m \u01a1n v\u00ec \u0111\u00e3 s\u1eed d\u1ee5ng WordPress. \u0110\u00e2y l\u00e0 b\u00e0i vi\u1ebft \u0111\u1ea7u ti\u00ean c\u1ee7a b\u1ea1n. S\u1eeda ho\u1eb7c x\u00f3a n\u00f3, v\u00e0 b\u1eaft \u0111\u1ea7u b\u00e0i vi\u1ebft c\u1ee7a b\u1ea1n nh\u00e9! Th\u00e1ng 2 27, 2026Content marketing Vestibulum pellentesque lacus ante, et venenatis erat cursus quis. Donec iaculis nisl eget lorem varius laoreet. [...]","protected":false},"author":2,"featured_media":0,"parent":0,"menu_order":0,"comment_status":"closed","ping_status":"closed","template":"fullwidth.php","meta":{"footnotes":""},"class_list":["post-979","page","type-page","status-publish","hentry",""],"_links":{"self":[{"href":"https:\/\/arthub.vn\/index.php\/wp-json\/wp\/v2\/pages\/979","targetHints":{"allow":["GET"]}}],"collection":[{"href":"https:\/\/arthub.vn\/index.php\/wp-json\/wp\/v2\/pages"}],"about":[{"href":"https:\/\/arthub.vn\/index.php\/wp-json\/wp\/v2\/types\/page"}],"author":[{"embeddable":true,"href":"https:\/\/arthub.vn\/index.php\/wp-json\/wp\/v2\/users\/2"}],"replies":[{"embeddable":true,"href":"https:\/\/arthub.vn\/index.php\/wp-json\/wp\/v2\/comments?post=979"}],"version-history":[{"count":0,"href":"https:\/\/arthub.vn\/index.php\/wp-json\/wp\/v2\/pages\/979\/revisions"}],"wp:attachment":[{"href":"https:\/\/arthub.vn\/index.php\/wp-json\/wp\/v2\/media?parent=979"}],"curies":[{"name":"wp","href":"https:\/\/api.w.org\/{rel}","templated":true}]}}